{"id":113,"date":"2024-09-15T19:36:15","date_gmt":"2024-09-15T19:36:15","guid":{"rendered":"https:\/\/www.mftrainteruel.es\/?page_id=113"},"modified":"2024-09-15T19:38:30","modified_gmt":"2024-09-15T19:38:30","slug":"aviso-legal","status":"publish","type":"page","link":"https:\/\/www.mftrainteruel.es\/index.php\/aviso-legal\/","title":{"rendered":"Aviso legal"},"content":{"rendered":"\t\t<div data-elementor-type=\"wp-page\" data-elementor-id=\"113\" class=\"elementor elementor-113\" data-elementor-post-type=\"page\">\n\t\t\t\t<div class=\"elementor-element elementor-element-0c6f695 e-flex e-con-boxed e-con e-parent\" data-id=\"0c6f695\" data-element_type=\"container\">\n\t\t\t\t\t<div class=\"e-con-inner\">\n\t\t\t\t<div class=\"elementor-element elementor-element-5ac3b8b elementor-widget elementor-widget-text-editor\" data-id=\"5ac3b8b\" data-element_type=\"widget\" data-widget_type=\"text-editor.default\">\n\t\t\t\t<div class=\"elementor-widget-container\">\n\t\t\t\t\t\t\t\t\t<p>Mario Ferrer,&nbsp; no puede asumir ninguna responsabilidad derivada del uso incorrecto, inapropiado o il\u00edcito de la informaci\u00f3n aparecida en la p\u00e1gina de Internet&nbsp;<\/p>\n<p><\/p>\n<ul>\n<li aria-level=\"1\">La web de Mario Ferrer,&nbsp; tiene como fin dar a conocer al p\u00fablico general las actividades que realiza y los servicios que presta. Miriam Crespo Garc\u00e9s Mario Ferrer,&nbsp; se reserva la facultad de efectuar, en cualquier momento y sin previo aviso, modificaciones de la informaci\u00f3n contenida en su web.<\/li>\n<\/ul>\n<p><\/p>\n<ul>\n<li aria-level=\"1\">Con los l\u00edmites establecidos en la ley, Mario Ferrer,&nbsp; no asume ninguna responsabilidad derivada de la falta de veracidad, integridad, actualizaci\u00f3n y precisi\u00f3n de los datos o informaciones que se contienen en sus p\u00e1ginas de Internet. Los contenidos e informaci\u00f3n no vinculan a Mario Ferrer,&nbsp; ni constituyen opiniones, consejos o asesoramiento legal de ning\u00fan tipo pues se trata meramente de un servicio ofrecido con car\u00e1cter informativo y divulgativo. La p\u00e1gina de Internet de Mario Ferrer,&nbsp; puede contener enlaces (links) a otras p\u00e1ginas de terceras partes que Mario Ferrer,&nbsp; no puede controlar. Por lo tanto, Mario Ferrer,&nbsp; no puede asumir responsabilidades por el contenido que pueda aparecer en p\u00e1ginas de terceros. Los textos, im\u00e1genes, sonidos, animaciones, software y el resto de contenidos incluidos en este website son propiedad exclusiva de Mario Ferrer,&nbsp; o sus licenciantes. Cualquier acto de transmisi\u00f3n, distribuci\u00f3n, cesi\u00f3n, reproducci\u00f3n, almacenamiento o comunicaci\u00f3n p\u00fablica total o parcial, debe contar con el consentimiento expreso de Mario Ferrer.<\/li>\n<\/ul>\t\t\t\t\t\t\t\t<\/div>\n\t\t\t\t<\/div>\n\t\t\t\t\t<\/div>\n\t\t\t\t<\/div>\n\t\t\t\t<\/div>\n\t\t","protected":false},"excerpt":{"rendered":"<p>Mario Ferrer,&nbsp; no puede asumir ninguna responsabilidad derivada del uso incorrecto, inapropiado o il\u00edcito de la informaci\u00f3n aparecida en la p\u00e1gina de Internet&nbsp; La web de Mario Ferrer,&nbsp; tiene como fin dar a conocer al p\u00fablico general las actividades que realiza y los servicios que presta. Miriam Crespo Garc\u00e9s Mario Ferrer,&nbsp; se reserva la facultad [&hellip;]<\/p>\n","protected":false},"author":1,"featured_media":0,"parent":0,"menu_order":0,"comment_status":"closed","ping_status":"closed","template":"","meta":{"footnotes":""},"class_list":["post-113","page","type-page","status-publish","hentry"],"_links":{"self":[{"href":"https:\/\/www.mftrainteruel.es\/index.php\/wp-json\/wp\/v2\/pages\/113","targetHints":{"allow":["GET"]}}],"collection":[{"href":"https:\/\/www.mftrainteruel.es\/index.php\/wp-json\/wp\/v2\/pages"}],"about":[{"href":"https:\/\/www.mftrainteruel.es\/index.php\/wp-json\/wp\/v2\/types\/page"}],"author":[{"embeddable":true,"href":"https:\/\/www.mftrainteruel.es\/index.php\/wp-json\/wp\/v2\/users\/1"}],"replies":[{"embeddable":true,"href":"https:\/\/www.mftrainteruel.es\/index.php\/wp-json\/wp\/v2\/comments?post=113"}],"version-history":[{"count":7,"href":"https:\/\/www.mftrainteruel.es\/index.php\/wp-json\/wp\/v2\/pages\/113\/revisions"}],"predecessor-version":[{"id":124,"href":"https:\/\/www.mftrainteruel.es\/index.php\/wp-json\/wp\/v2\/pages\/113\/revisions\/124"}],"wp:attachment":[{"href":"https:\/\/www.mftrainteruel.es\/index.php\/wp-json\/wp\/v2\/media?parent=113"}],"curies":[{"name":"wp","href":"https:\/\/api.w.org\/{rel}","templated":true}]}}

<div data-elementor-type="wp-page" data-elementor-id="113" class="elementor elementor-113" data-elementor-post-type="page">
				<div class="elementor-element elementor-element-0c6f695 e-flex e-con-boxed e-con e-parent" data-id="0c6f695" data-element_type="container">
					<div class="e-con-inner">
				<div class="elementor-element elementor-element-5ac3b8b elementor-widget elementor-widget-text-editor" data-id="5ac3b8b" data-element_type="widget" data-widget_type="text-editor.default">
				<div class="elementor-widget-container">
									<p>Mario Ferrer,&nbsp; no puede asumir ninguna responsabilidad derivada del uso incorrecto, inapropiado o ilícito de la información aparecida en la página de Internet&nbsp;</p>
<p></p>
<ul>
<li aria-level="1">La web de Mario Ferrer,&nbsp; tiene como fin dar a conocer al público general las actividades que realiza y los servicios que presta. Miriam Crespo Garcés Mario Ferrer,&nbsp; se reserva la facultad de efectuar, en cualquier momento y sin previo aviso, modificaciones de la información contenida en su web.</li>
</ul>
<p></p>
<ul>
<li aria-level="1">Con los límites establecidos en la ley, Mario Ferrer,&nbsp; no asume ninguna responsabilidad derivada de la falta de veracidad, integridad, actualización y precisión de los datos o informaciones que se contienen en sus páginas de Internet. Los contenidos e información no vinculan a Mario Ferrer,&nbsp; ni constituyen opiniones, consejos o asesoramiento legal de ningún tipo pues se trata meramente de un servicio ofrecido con carácter informativo y divulgativo. La página de Internet de Mario Ferrer,&nbsp; puede contener enlaces (links) a otras páginas de terceras partes que Mario Ferrer,&nbsp; no puede controlar. Por lo tanto, Mario Ferrer,&nbsp; no puede asumir responsabilidades por el contenido que pueda aparecer en páginas de terceros. Los textos, imágenes, sonidos, animaciones, software y el resto de contenidos incluidos en este website son propiedad exclusiva de Mario Ferrer,&nbsp; o sus licenciantes. Cualquier acto de transmisión, distribución, cesión, reproducción, almacenamiento o comunicación pública total o parcial, debe contar con el consentimiento expreso de Mario Ferrer.</li>
</ul>								</div>
				</div>
					</div>
				</div>
				</div>

<p>Mario Ferrer,&nbsp; no puede asumir ninguna responsabilidad derivada del uso incorrecto, inapropiado o ilícito de la información aparecida en la página de Internet&nbsp; La web de Mario Ferrer,&nbsp; tiene como fin dar a conocer al público general las actividades que realiza y los servicios que presta. Miriam Crespo Garcés Mario Ferrer,&nbsp; se reserva la facultad [&hellip;]</p>
